at is the highest common factor of 168548765 and 4235?
4235
Calculate the highest common factor of 7896 and 3336.
24
What is the greatest common factor of 5680664652 and 618?
618
Calculate the greatest common factor of 2592 and 70698.
6
What is the highest common divisor of 633 and 94954009?
211
Calculate the greatest common divisor of 8632905 and 318.
159
What is the greatest common divisor of 11633751 and 3?
3
Calculate the highest common divisor of 27 and 296939.
1
What is the highest common divisor of 12538499 and 298?
149
Calculate the greatest common factor of 56133 and 975909.
33
Calculate the greatest common divisor of 3929570 and 30.
10
Calculate the greatest common divisor of 3005433 and 2070.
207
Calculate the highest common divisor of 10674 and 258156.
18
What is the greatest common divisor of 120521 and 533081?
191
Calculate the highest common factor of 29456340 and 35.
5
What is the highest common divisor of 1768088 and 1652?
28
What is the greatest common divisor of 285873 and 819?
21
Calculate the highest common divisor of 171407721 and 228.
57
Calculate the greatest common factor of 6637368 and 1536.
24
What is the greatest common divisor of 130 and 10754978?
26
What is the greatest common divisor of 49518 and 56322?
378
What is the highest common factor of 94430 and 41708240?
4970
What is the greatest common factor of 55847503 and 283?
283
Calculate the greatest common factor of 1130820 and 665520.
2820
What is the highest common divisor of 316100 and 23900?
100
Calculate the greatest common divisor of 6696 and 1874043.
837
What is the greatest common factor of 1060026 and 198?
66
Calculate the greatest common factor of 608 and 470548.
4
Calculate the greatest common divisor of 186135 and 4855.
5
Calculate the highest common factor of 45000 and 221040.
360
Calculate the greatest common divisor of 8981236 and 2068.
44
What is the highest common factor of 60 and 24644370?
30
Calculate the highest common factor of 808285 and 637324.
1163
Calculate the highest common divisor of 265 and 7602585.
265
What is the greatest common factor of 11070078 and 41568?
2598
What is the highest common factor of 69141 and 605397?
57
Calculate the greatest common divisor of 3749406 and 733566.
618
Calculate the greatest common factor of 3703 and 122682.
161
Calculate the highest common factor of 64654551 and 16533.
1503
Calculate the highest common factor of 646019 and 15573863.
5339
Calculate the greatest common factor of 257885 and 160.
5
Calculate the highest common factor of 18077459 and 25279.
1487
Calculate the greatest common divisor of 88 and 8348373.
11
What is the greatest common factor of 8868551402 and 14834?
14834
What is the highest common factor of 2592 and 2937546?
162
Calculate the highest common divisor of 16500464 and 32.
16
What is the greatest common divisor of 89637 and 8709?
3
Calculate the highest common divisor of 18160095 and 470.
235
What is the greatest common factor of 6857910 and 8280?
2070
Calculate the highest common divisor of 13852294 and 94946.
3274
What is the highest common factor of 97772150 and 2401?
343
What is the highest common divisor of 4743 and 21064717?
527
Calculate the highest common divisor of 16402126 and 338.
338
What is the highest common factor of 371622 and 51333?
723
What is the greatest common divisor of 82509 and 329028?
21
Calculate the highest common factor of 125416 and 480619.
61
What is the greatest common factor of 1455917 and 2344?
293
Calculate the highest common factor of 530528 and 22538.
118
Calculate the highest common factor of 17097338 and 158.
158
What is the highest common factor of 3448 and 13255836?
1724
Calculate the highest common divisor of 534927 and 2.
1
What is the greatest common divisor of 1328712345 and 45?
45
What is the highest common divisor of 1140209 and 69027?
133
Calculate the highest common factor of 975 and 11211720.
195
Calculate the highest common divisor of 653980 and 15010.
190
Calculate the highest common divisor of 2742056952 and 4234.
4234
What is the highest common divisor of 350 and 1903500?
50
Calculate the greatest common factor of 17110 and 62437.
29
Calculate the greatest common factor of 7408 and 628620656.
7408
Calculate the greatest common factor of 23390917 and 11.
11
Calculate the greatest common divisor of 18058573 and 425867.
9061
Calculate the greatest common divisor of 10929636 and 276.
12
Calculate the highest common factor of 620 and 604530.
10
What is the highest common divisor of 1166 and 3122866?
106
Calculate the highest common divisor of 126747446 and 12516.
2086
Calculate the highest common divisor of 133824 and 58.
2
Calculate the highest common factor of 50606975 and 100.
25
Calculate the greatest common factor of 740892 and 11136.
348
Calculate the highest common factor of 19320 and 11668860.
420
What is the highest common divisor of 915 and 152439?
183
Calculate the highest common factor of 55330 and 408239830.
5030
Calculate the highest common factor of 5443708 and 1687.
241
What is the highest common divisor of 196342635 and 5715?
1905
Calculate the highest common factor of 281545208 and 2576.
1288
Calculate the highest common factor of 6339780 and 1620.
180
Calculate the highest common factor of 3172710 and 60690.
510
Calculate the greatest common divisor of 360 and 1777570.
10
Calculate the highest common divisor of 4398 and 18407829.
2199
Calculate the highest common factor of 589414 and 854.
14
Calculate the greatest common divisor of 179 and 54932773.
179
What is the greatest common divisor of 9038015 and 665?
665
What is the highest common factor of 647295 and 3300?
165
What is the greatest common factor of 5102055 and 1890?
945
Calculate the highest common divisor of 329 and 14625037.
329
Calculate the highest common factor of 97836 and 1971600.
372
What is the highest common divisor of 67744028 and 484?
484
What is the highest common divisor of 1802 and 71184406?
1802
Calculate the greatest common factor of 51527220 and 60.
60
Calculate the greatest common factor of 3973888 and 48246.
86
What is the greatest common divisor of 68 and 11483534?
34
Calculate the greatest common divisor of 45477094 and 1.
1
What is the highest common factor of 2259724 and 38906?
794
What is the highest common divisor of 18 and 28047699?
9
What is the highest common factor of 132200 and 48?
8
Calculate the highest common factor of 438557424 and 336.
48
Calculate the highest common factor of 2268488 and 16.
8
Calculate the highest common divisor of 95 and 41335469.
19
Calculate the highest common factor of 168641 and 44.
11
What is the highest common factor of 4495350 and 37950?
3450
What is the highest common divisor of 2729039 and 2031169?
3673
What is the greatest common factor of 242039 and 39447?
487
Calculate the highest common divisor of 570432 and 33168.
48
Calculate the highest common divisor of 3239896 and 26136.
968
What is the highest common factor of 66 and 2033350?
22
What is the highest common divisor of 107 and 151084?
107
Calculate the greatest common divisor of 30135 and 449155.
1435
Calculate the highest common factor of 39899 and 13753.
17
What is the greatest common divisor of 415101952 and 64?
64
Calculate the greatest common divisor of 148075 and 9925.
25
Calculate the highest common factor of 339849 and 3801438.
1107
What is the greatest common factor of 29 and 153376360?
29
Calculate the greatest common factor of 799 and 1128329.
47
What is the highest common factor of 49556789 and 621?
23
What is the highest common factor of 3471 and 802869?
267
What is the greatest common divisor of 239667813 and 7029?
7029
Calculate the greatest common factor of 12 and 13964394.
6
Calculate the highest common factor of 140 and 44337340.
20
Calculate the highest common divisor of 31735 and 420035.
55
Calculate the highest common factor of 5022 and 1794.
6
Calculate the highest common factor of 315158688 and 4914.
702
Calculate the highest common divisor of 6102 and 191214.
54
Calculate the highest common divisor of 6295726 and 40223.
551
Calculate the greatest common factor of 268 and 25143626.
134
What is the greatest common factor of 99 and 18905216?
11
What is the highest common factor of 1473058 and 4210978?
1426
Ca